e remainder when 27 is divided by h?
13
Calculate the remainder when 25 is divided by (28 + -33)*(0 + (-3)/5).
1
Calculate the remainder when 51110/399 - (-4)/(-42) is divided by 33.
29
Let n be (-4)/(-20) - (-738)/10. Suppose h + 328 = 9*h. Let b = n - h. Calculate the remainder when 96 is divided by b.
30
Let j = 1594 - 1560. Calculate the remainder when 100 is divided by j.
32
Let h(w) = -34*w - 31. Let m = 53 + -56. What is the remainder when h(m) is divided by 18?
17
Suppose 2*s = -0 + 4. Let v(m) = -m**2 + 11*m + 37. Calculate the remainder when 29 + 2 + (s - 2) is divided by v(13).
9
Suppose 4*y + 2*j = -0*j - 8, 0 = 2*j. What is the remainder when 18 is divided by 3 + (-1 - y) - (-5 - -5)?
2
Let p = 19 + 59. Suppose -3*z - 4*m + 61 = 0, -5*z - 2*m = -4*z - 17. Calculate the remainder when p is divided by z.
24
Suppose -2*i = -2*y + 198, 16*y = 14*y - i + 189. What is the remainder when 190 is divided by y?
94
Suppose 18*s - 804 = -372. What is the remainder when 309 is divided by s?
21
Let f be (-5)/15 - 37/(-3). Let s be (-1892)/28 - f/28. Let l = s + 139. What is the remainder when l is divided by 24?
23
Let o = -17 - -20. Suppose 0*x - o*f = x - 11, -68 = -4*x - 4*f. Let k(p) = -p**3 + p**2 + 2*p - 1. Calculate the remainder when x is divided by k(-2).
6
Suppose -2*v = 3*v + 4*f - 230, 0 = v + f - 46. Calculate the remainder when 46 is divided by v.
0
Suppose -2 = -i + 2*i. Let k(q) = q**3 + 6*q**2 + q. Let d be k(-6). What is the remainder when 36 is divided by (i*(-57)/d)/(-1)?
17
What is the remainder when 88 is divided by (135/(-12))/((-3)/12)?
43
Let b(i) = -3*i**2 + 69*i + 19. Calculate the remainder when 243 is divided by b(23).
15
Suppose 2*m = -5*k + 41, -61 + 0 = -2*m - k. Calculate the remainder when 128 is divided by m.
29
Calculate the remainder when 134 is divided by (-1 - -5) + -6 + 23.
8
Suppose 4*w = z + 24, 3*w + 2*z = 6 + 1. Suppose -2*u + 15 = -13. Suppose 3*p - u = p. What is the remainder when p is divided by w?
2
Let u = 23 - 21. Suppose u*s = 3*s + 52. Let w = 87 + s. What is the remainder when 104 is divided by w?
34
Let v(l) = 27*l + 29. What is the remainder when v(3) is divided by 28?
26
Let h(l) = 2*l**2 + 32*l + 80. Calculate the remainder when h(-20) is divided by 61.
57
Suppose 4*s = u + 15, -u = 4*s - 6*s + 7. What is the remainder when 86 is divided by s?
2
Calculate the remainder when ((-58015)/(-82))/((-1)/(-2)) is divided by 109.
107
Suppose -h = 2*h - 9. Suppose 0 = 5*m - h*m - 88. Suppose m = 4*g - 4*r, 5*g = 2*g + r + 37. What is the remainder when 62 is divided by g?
10
Let j = -75 - -50. Suppose -3*q + 58 = -110. Let w = q + j. What is the remainder when w is divided by 11?
9
Let r(o) = -o**2 + 11*o - 16. What is the remainder when r(8) is divided by ((-6)/(-15))/((-5)/(-25))?
0
Let n(j) = j - 5. Let d(u) = 2*u - 10. Let x(c) = 2*d(c) - 5*n(c). Let a be (2 - 2)/(-3*8/(-12)). Calculate the remainder when x(a) is divided by 4.
1
Let i = 20 + -7. Let g = -2 + i. What is the remainder when g is divided by 7?
4
Suppose -426 = -299*n + 605*n - 308*n. Suppose o - 10 = 14. What is the remainder when n is divided by o?
21
Let d(n) = 11*n**2 - 5. Let x(b) = 2*b**2 - 2*b + 4. Let y be x(3). Let w = y + 5. What is the remainder when d(2) is divided by w?
18
Calculate the remainder when (-1 + (-19)/1)/((-20)/1330) is divided by 121.
120
Let y = -131 + 149. What is the remainder when 192 is divided by y?
12
Suppose 0 = m - 3 - 11. What is the remainder when (-7 + 6)/(5/(-185)) is divided by m?
9
Let l(y) = -9*y + 123. What is the remainder when 89 is divided by l(11)?
17
Let y(g) = -g**3 - 12*g**2 + g - 6. Let l be y(-10). Let w(h) = -h**3 + 5*h**2 + 2*h + 7. What is the remainder when l/(-7) - 10/(-70) is divided by w(5)?
14
Suppose -5*n + 10 = -10, 2*q - 8 = -n. Suppose -m - 9 = 4*i + q, -3*i + 18 = -m. Let u = m - -27. Calculate the remainder when 34 is divided by u.
10
Let c = 84 + 99. Suppose -10 = -2*x, -4*o + x = -0*o - c. What is the remainder when o is divided by 12?
11
Suppose 0 = 5*i + 7*r - 8*r - 173, -r = 3*i - 99. Let j be (1 - 1)/(1 + 0). Suppose -2*k + j*k = -24. What is the remainder when i is divided by k?
10
Let r be 4/10 + 46/10. Suppose -5*a + 12 = -4*b, 3*a + 3*b - 13 = r. What is the remainder when 14 is divided by a?
2
Let v(f) = -f**3 - 12*f**2 + 15*f + 27. Calculate the remainder when v(-14) is divided by 15.
14
Suppose 124 + 632 = 7*r. What is the remainder when r is divided by 52?
4
Let i = 236 - 151. Let f = 95 - i. What is the remainder when f is divided by 2?
0
Let h(c) = -4*c**2 + 5*c. Let b be h(4). Let z = b - -57. Calculate the remainder when 36 is divided by z.
10
Let c = 268 - 197. Suppose -2*h + 74 = -0*h. Calculate the remainder when c is divided by h.
34
Suppose 3*d = -3*o + 105, -d + 23 = o - 3*d. What is the remainder when 83 is divided by o?
21
Suppose 2*b - 8 = 2*v, -5*b + 14 = 2*v - 5*v. Suppose b + 19 = 4*s. Suppose 13 + 67 = s*a. Calculate the remainder when a is divided by 10.
6
Let r = -427 + 440. Suppose 4*l = 2*l - 8, -5*i + 119 = -l. What is the remainder when i is divided by r?
10
Suppose -304*v + 1413 = -295*v. Calculate the remainder when v is divided by 15.
7
Let l(o) = o**3 + 5*o**2 - 4*o - 2. Let q be 35/2 - 4/8. Let u = q + -1. Calculate the remainder when l(-4) is divided by u.
14
Let w be (1 + -1)/(8 + -7). Suppose w*k - k = 0. Suppose -5*f + 7 + 133 = k. Calculate the remainder when f is divided by 10.
8
Suppose -5*p + 21 + 24 = 0. Suppose 2*c - p - 1 = 0. Suppose j - 8 = -3*d + 16, 4*j + 5*d - 82 = 0. What is the remainder when j is divided by c?
3
Suppose -3 = -5*i + 12. Suppose -21 = -i*y - 15. Suppose y = 3*b - b. What is the remainder when 3 is divided by b?
0
Calculate the remainder when (20/4)/(14/434) is divided by 27.
20
Let b be 6/15 - (-12)/(-30). Let o(c) = -c**2 + 2*c + 20. What is the remainder when o(b) is divided by 8?
4
Suppose 5*k = -5*o + 615, -5*o = -2*k + 211 + 42. Suppose -k - 206 = -11*g. Calculate the remainder when 58 is divided by g.
28
Suppose -9*f = -25 - 2. What is the remainder when f/15 + 0 + 1377/15 is divided by 31?
30
Let y = -18 - -25. Suppose 0 = -n + 2*z + 37, -n - 18 = 3*z - 55. Let x = -12 + n. What is the remainder when x is divided by y?
4
Suppose -2*y + 11 = c + 2*y, 2*y = -3*c + 43. Suppose 994 = -12*a + 5*a. Let g = -101 - a. Calculate the remainder when g is divided by c.
11
Suppose -396 - 178 = -3*k + 5*d, 4*k - 5*d - 757 = 0. Calculate the remainder when k is divided by 31.
28
Let w(t) = -t**2 + 54*t + 8. Calculate the remainder when w(53) is divided by 7.
5
Let b = -1591 - -1671. Calculate the remainder when 184 is divided by b.
24
Suppose f = -2*f + 81. Suppose 5*l = -2*r + 203, 3*r + 80 + 64 = 4*l. Suppose v - 146 = -l. What is the remainder when v is divided by f?
26
Suppose 2*h - 6*h = -12. Suppose 4*p - h*g = 5, -3*p + 0*g + g = -10. Suppose p*f + 35 - 160 = 0. Calculate the remainder when 72 is divided by f.
22
Suppose 19*n - 92 = -35. What is the remainder when 23 is divided by n?
2
Let t(h) = 2*h**2 + 2*h + 3. Let r = 27 + -21. What is the remainder when t(4) is divided by r?
1
Let i(l) = 6*l + 33. Let y be i(18). Let f = y + -124. What is the remainder when 42 is divided by f?
8
Let u(s) = -208*s - 521. What is the remainder when u(-4) is divided by 24?
23
Let d(n) = -1 - 4*n + 10*n + 3*n + 5*n. What is the remainder when 78 is divided by d(2)?
24
Let a = 152 + -49. Calculate the remainder when a is divided by 35.
33
Let q(z) = 2*z - 3. Let t be q(3). Suppose 0 = -4*a - 5*l + 72, 0 = -a + t*l + 3 - 2. Let j = 109 + -59. What is the remainder when j is divided by a?
11
Let l(s) = -s**3 - 13*s**2 + 49*s + 29. Calculate the remainder when 31 is divided by l(-16).
5
Let n = 2 + 1. Suppose -n*g + 23 = v, -2*v + 20 = 2*g + v. Let c(z) = -z**3 + 8*z**2 - 5*z - 3. Calculate the remainder when 43 is divided by c(g).
10
Let h = 526 + -375. Calculate the remainder when h is divided by 77.
74
Let n(g) = g + 56. Calculate the remainder when 530 is divided by n(3).
58
Let p = 219 + -127. What is the remainder when p is divided by (-111)/(-9) + -1*2/6?
8
Let d(c) = -c**3 - 10*c**2 - 20*c + 48. Calculate the remainder when 1197 is divided by d(-6).
21
Let i be (-70)/(-28)*4/5. Suppose 74 = d + 5*a, 